e -25 = -5*m - y, -4*m - 3*y = -27 - 4. Suppose m*n - 3230 = 4086. What is the thousands digit of n?
1
Let o(g) be the third derivative of g**5/60 - g**4/24 + 307*g**3/3 + 3*g**2 + 12. What is the hundreds digit of o(0)?
6
Suppose 6*v - 1590 = -4*v. Suppose -19 + v = 10*d. Let z(m) = m**2 + 5*m + 17. What is the tens digit of z(d)?
8
Suppose -13153 = -5*g - 2*s, -4*s = -11*g + 13*g - 5274. Suppose -24*o + 19117 - g = 0. What is the tens digit of o?
8
Let w be 23/(2 + -3 + 0). Let a be w*(-1 + -4 + 4). Suppose 192 = a*x - 19*x. What is the tens digit of x?
4
Let l(m) = 7 - m + 4*m**2 - 8 - 6. What is the hundreds digit of l(7)?
1
Let g(a) = -556*a + 1438. What is the hundreds digit of g(-23)?
2
What is the ten thousands digit of 48468190/2312 - ((-14)/24 + 2/6)?
2
Suppose 2*f + 1643 = s, -11*s + 6*s - 5*f = -8275. What is the tens digit of s?
5
What is the hundreds digit of (-82542)/12*((-165)/(-15) + -15)?
5
What is the thousands digit of (3*-1)/(7/(-2667*25))?
8
Let m(y) = 513*y + 2910. What is the hundreds digit of m(53)?
0
What is the tens digit of (-468)/429 - (-9164)/11?
3
Let w = 32 + -44. Let g be (((-45)/w)/(-5))/((-5)/40). Suppose g*y = 3*y + 129. What is the units digit of y?
3
Suppose 3*r + 7 - 22 = 0. Let f(i) = 2*i**3 - 3*i**2 - 6*i - 6. Let d be f(r). Suppose -4*t + j + 314 = 0, 3*j - 89 - d = -3*t. What is the units digit of t?
8
Let q(w) = 2*w + 2. Let l(a) = -3*a**2 + 82*a + 45. Let y(t) = -l(t) + 3*q(t). What is the units digit of y(30)?
1
Let y = -1685 - -4230. What is the units digit of y?
5
Suppose 8*u + 175 = 775. What is the units digit of (-91 + 3)*u/(-12)?
0
Let l = -13 + 73. Let y be (-48)/(-10)*9/((-162)/l). What is the tens digit of -302*2/y + 3/12?
3
Let y = 81 - 593. Suppose -4*t + 63 = 5*l - 84, 3*t - 9 = 0. What is the hundreds digit of y/(-6)*l/18?
1
Let s(a) = 1030*a + 7. Let b be s(2). Let x = -902 + b. What is the tens digit of x?
6
What is the thousands digit of 3 + 1/5 + 273996/20?
3
Let t(k) = -k**3 - 17*k**2 - 14*k - 17. Let f be -2 - (-5)/(-10)*30. Let p be (4/12*f)/((-1)/(-3)). What is the tens digit of t(p)?
2
Suppose 5*m = 3*c + 1720, 5*m - 697 = 3*m + 3*c. Suppose 5*d - 1009 = m. What is the hundreds digit of d?
2
Let y(j) = 203*j - 45. Let l be y(6). Suppose -5*c - 347 - l = -2*g, -5*c = 0. What is the hundreds digit of g?
7
Suppose 7*g = -g. Suppose 5*d - s + 3*s - 30 = g, 28 = 2*d + 4*s. Suppose p + p + b = 43, 0 = 3*p + d*b - 67. What is the units digit of p?
1
Suppose 0 = 666*v - 669*v + 34305. What is the thousands digit of v?
1
Let u(b) = 7*b - 4. Let p be u(-6). Let f = -890 + 1002. Let n = p + f. What is the tens digit of n?
6
Suppose 38*j - 1416 = 30*j. Let w = j - 140. What is the tens digit of w?
3
Suppose 298*l + 515757 - 4697633 = 4563232. What is the hundreds digit of l?
3
Let o = -4068 - -14741. What is the hundreds digit of o?
6
Suppose 3*u + 40*u = -80*u + 1330491. What is the hundreds digit of u?
8
Suppose 6*p - 21980 + 26212 = 69224. What is the thousands digit of p?
0
Let y = -3187 - -29627. What is the hundreds digit of y?
4
Let m = 32267 + -22145. What is the units digit of m?
2
What is the thousands digit of (-4)/(-5)*(-312330)/(-116)?
2
Let l(m) = m + 9. Let s be l(-6). Suppose -5 + s = -q. Suppose 0 = -q*t + 4*y + 6 + 20, 5*y - 15 = 0. What is the tens digit of t?
1
Suppose -3*x - 2*x = 75. Let m(y) = -15*y - 81. Let j(c) = -13*c - 72. Let n(a) = -7*j(a) + 6*m(a). What is the units digit of n(x)?
3
Suppose 3*m + 3*j - 21456 = 0, -m + 7156 = -778*j + 783*j. What is the units digit of m?
1
Suppose -17*u = -u - 1760. Suppose 0 = -u*p + 112*p - 3566. What is the hundreds digit of p?
7
Suppose 133 = 4*k - 387. Let l = k - 182. What is the tens digit of (-5 - -8)*-1 - l?
4
Let w(d) = 457*d - 1. Let y be w(-2). Let p = y + 1892. Suppose 9*m - p = 481. What is the units digit of m?
2
What is the hundreds digit of -51*(-43 + 2) + (16 - 21)?
0
Let f(w) = -w**2 + 7*w + 10. Let g be f(8). Suppose 520 = -g*v - 14. Let h = -146 - v. What is the hundreds digit of h?
1
Suppose -11*g + 3069 + 20270 - 4375 = 0. What is the units digit of g?
4
Let t be (-2)/(-10) + 27894/(-210)*-7. Suppose i = -83 + 78, 2*a + 4*i - t = 0. What is the hundreds digit of a?
4
Let c(b) = 800*b + 2082. What is the units digit of c(7)?
2
Let w = -33 + 39. Suppose -s - 4*x = -204, -x = -3*s - w*x + 612. Suppose -5*o + 116 = -s. What is the tens digit of o?
6
Suppose 0*a - 2*a + z = -3, 3*z = 3*a. Let t be 22/a - 8/24. Suppose -10 - 557 = -t*c. What is the tens digit of c?
8
What is the hundreds digit of (245103/6 + 2)*36/54?
2
Suppose 4*g - 80 = -0*g. Suppose g = -h + 23. Let z = 52 + h. What is the tens digit of z?
5
Let k = 2272 - -2591. What is the thousands digit of k?
4
Let p(k) = -k**2 + 11*k - 9. Let c be p(11). Let l = -720 + 760. What is the units digit of l/((c/3 - -4) + 0)?
0
Let b = 471 - -1514. Suppose -5*w + b = 5*v, -3*v + 6*v - 1183 = -w. What is the units digit of v?
3
Let d be (-1 - -7) + (-50)/10. Suppose 111 + d = 8*z. Suppose 0 = 5*j + 3*c - z, -2*j - 16 = -5*c - 3. What is the units digit of j?
1
Suppose -8*f - 16 = -0*f. Let p be ((3 + -9)/f)/(6/10). Suppose -p*i = 244 - 844. What is the tens digit of i?
2
Let j be 15/(-9)*5*-3. Suppose j*u = 30*u - 310. What is the units digit of 25/(-5)*u/(-5)?
2
What is the hundreds digit of (9736 - 9827)/(1/17*-1*1)?
5
Let k = -8310 + 30972. What is the hundreds digit of k?
6
Suppose -3*s + 246 - 252 = 0, 2*o - 2*s - 6916 = 0. What is the units digit of o?
6
Suppose 4*y = 4*a - 556, 0*y = 2*y + a + 263. Let u be 3*y/(-6*3/12). Suppose 0 = 7*c - 11*c + u. What is the tens digit of c?
6
Let o = -5 + -6. Let x be ((-2)/2*0)/(8 + o). Suppose x = 13*i - 9*i - 128. What is the units digit of i?
2
Suppose -j + 0*j = -0*j. Suppose j = 2*y - 496 + 86. What is the tens digit of y?
0
Suppose 0 = 5*j - 0*j - 530. Let b be (1400/84)/(1/((-3)/1)). Let t = j - b. What is the tens digit of t?
5
Let c(f) = 7*f**2 - 49*f - 947. What is the tens digit of c(-36)?
8
Let j(g) = -255*g + 1243. What is the thousands digit of j(-68)?
8
What is the tens digit of 9360/4*(24 + 0 - 7)?
8
Suppose 21*t = -4994 + 13856. Suppose -2*z + 448 = -t. What is the hundreds digit of z?
4
Suppose 0 = -3*d, 5*f + 3*d - 12560 = 5475. What is the hundreds digit of f?
6
Suppose -11*z - 20 = -15*z. Suppose 46 = -2*o - 82. What is the tens digit of (-42)/z*(-2 - o/(-3))?
9
Suppose -j + 452607 = 5*r + 185380, -5*r - 4*j + 267203 = 0. What is the ten thousands digit of r?
5
Let d = 219 + -216. Suppose 3*a + 14*z - 4293 = 11*z, 4*z = d*a - 4321. What is the hundreds digit of a?
4
Let f(g) = -2*g + 87. Let t = -255 - -287. What is the tens digit of f(t)?
2
Let m be 864/84 + (-4)/14. Let q(i) = 22*i - 24*i - m - i**2 + 72. What is the tens digit of q(0)?
6
Let g = 17459 + -13975. What is the units digit of g?
4
Suppose -86*m + 10*m + 1892704 = 0. What is the units digit of m?
4
Suppose -13*n = 1208 + 12117. Let j = -350 - n. What is the hundreds digit of j?
6
Let w(s) = -12*s - 11. Suppose 4*d - 150 = 2*a, 2*d = -3*d + 5. Let h = -77 - a. What is the units digit of w(h)?
7
Suppose 0 = -5*w + 89*f - 87*f + 69775, -4*f = 4*w - 55848. What is the thousands digit of w?
3
Let t(x) be the third derivative of 301*x**5/60 - 11*x**4/24 - 7*x**3/2 - 6*x**2 - 12. What is the hundreds digit of t(-2)?
2
Let d = 9838 + -3051. What is the thousands digit of d?
6
Suppose -3*j - 5*l - 23 = -10*l, 28 = -4*j + 4*l. What is the hundreds digit of ((-6)/(-16)*j)/((-294)/38416)?
2
Let s(o) be the second derivative of 7*o**4/12 - 19*o**3/6 - 19*o**2/2 + 19*o. What is the hundreds digit of s(-9)?
7
Let g be 1 + -1 + (-164)/(-4). Suppose 3*o + g*d - 38*d = 180, 5*o - 3*d - 300 = 0. What is the tens digit of o?
6
Let s(l) = l**3 - 13*l**2 - 25*l + 27. What is the tens digit of s(21)?
3
Suppose 5*n + 41 = 3*k, 5*n = -2*k + n - 2. Suppose 0 = k*z + 72 + 124. What is the tens digit of (-628)/(-7) - z/98?
9
Let b(m) = 9*m**2 - 279*m + 2348. What is the units digit of b(9)?
6
Suppose -228*s = -246*s + 175536. What is the tens digit of s?
5
Let u be ((-4)/9)/((-24)/(-36))*-9. Suppose 0 = 6*p - 9*p + u. What is the hundreds digit of ((-4)/(-6))/(p/366)?
1
Suppose 2*z + 15 = 35. What is the units digit of ((4/z)/((-4)/(-190)))/1?
9
Suppo